 is -1 + 33 + 49 + (-57 - -9) + 7?
40
What is the value of -5 - ((7 - 14 - -1) + 1 + -1)?
1
-30 - ((-11 - 16) + 10)
-13
Calculate -6 + (4 - 4) + 2 + -2.
-6
What is -1 + 6 - ((28 - (-1 + 10)) + 1)?
-15
(-2 - -2 - 14) + (105 - 82)
9
What is -22 + 24 + (8 - 0 - (-8 - -11))?
7
-1 + 3 + (27 - 18 - 17)
-6
11 + (-3 - (-3 - (8 - -6))) + -4
21
Evaluate 18 - (-10 + 35 + -45).
38
(-33 - (-133 - -70)) + -1 + -6
23
Evaluate 13 + -12 + 10 + (0 - (9 - 16)).
18
What is the value of 4 + (-4 - ((-5 - -1) + -1))?
5
What is the value of (-14 - -16) + -16 + 11?
-3
Calculate -18 - (1 + 5 + -73 + 14).
35
11 + -2 - 1 - (7 + (-43 - -36))
8
-4 + 4 - (-7 + 7 + 3)
-3
(-15 - 3 - -21) + 2 + -3 + 5
7
What is the value of 14 - 1 - (68 - 49)?
-6
Calculate -1 + 0 + (-28 - -29) + 3 + 0.
3
-11 + 0 - (-61 + 58 - (-1 + 1))
-8
What is (7 - (7 + 13)) + -1 + 14?
0
(0 - 9 - -8) + (5 - 14)
-10
(8 - (9 - -10)) + 5 + -3
-9
5 - (6 - (-1 + -1 + 3))
0
What is -13 - (-28 - -1 - -3 - -6)?
5
What is the value of -1 + 9 + -4 + -18 + 4 + -4?
-14
Calculate -193 - -184 - (0 + 2 + 11).
-22
Calculate (480 - 444) + 3 + -17.
22
Evaluate (-4 - (2 - (16 + -8 - 1))) + -1.
0
21 + -9 + -25 - -3
-10
Evaluate -1 - -3 - 25 - (22 - 41 - -12).
-16
What is (21 - -7) + -35 - (-16 + 2)?
7
What is the value of (-2 - -7 - (87 + -83)) + (-15 - 2)?
-16
2 - ((1 - -18) + -2)
-15
Evaluate 14 - (9 - ((-6 - -3) + 11)).
13
Evaluate -24 + (-11 - (10 + -22) - -5).
-18
Calculate 1 + -1 - (-37 + 42 + (-4 - 0)).
-1
Calculate -191 - -164 - (-25 - 1).
-1
419 + -420 + (-2 - (-1 - -3))
-5
Evaluate (-2 - -12) + -12 + 11.
9
What is the value of -1 + -64 + (535 - 494)?
-24
Evaluate -13 + (2 + -1 - -7) + 0 + 10.
5
Calculate 107 + -149 + 21 + 5.
-16
Calculate (12 - 9 - 16) + -5 + 39.
21
Calculate 15 + 9 + -8 + 7 + -9.
14
What is the value of 1 + 10 + (25 - -8) + -40?
4
What is (2 - (-14 + 34) - (2 + -2)) + 1?
-17
What is the value of 7 - 15 - ((-12 - 0) + (11 - 7))?
0
Calculate 42 + -30 + (1 - 9) + -9.
-5
What is -5 + (10 - (-6 - (1 + -28)))?
-16
What is the value of 26 - 3 - 15 - 7?
1
Evaluate -59 + 67 - (-1 - 1) - 0.
10
Evaluate -26 + -52 + 87 + (1 - (11 - 0)).
-1
Evaluate -15 - ((10 - 21) + -13).
9
What is 50 - 0 - (9 + -1) - 10?
32
29 + -2 - (184 - 157)
0
Evaluate (-22 - -4) + (-49 - -70).
3
Evaluate -4 - (-5 + (0 - -3)) - -9 - -6.
13
Calculate 52 + -51 - (55 - 22).
-32
What is the value of -26 + 21 + -3 + 4 + -2?
-6
What is the value of -17 + 24 + (-9 - 9)?
-11
-6 + (11 - (19 + -5)) - 15
-24
What is 20 + -68 + 16 + (6 + -3 - 1)?
-30
-25 + -2 - (440 - 464)
-3
What is the value of 11 + (-16 + 8 + 6 - 9)?
0
What is (83 - 98) + 44 + -2 + -15?
12
5 - -1 - (-12 - 1 - (-26 - -19))
12
39 - 0 - 82 - -36
-7
(0 - ((0 - 4) + 4 - 1)) + 6
7
0 + -1 + -4 + (15 - 16 - -14)
8
What is 2 + (5 - (23 + -4) - (6 - 5))?
-13
-3 + 3 - (44 + -59)
15
13 + -4 - (-9 + 10 + -13)
21
Calculate (-1 - -14) + 132 + -161.
-16
(-7 - -1) + -1 + (10 + -6 - -8)
5
What is (-250 - -236) + (-2 - 27 - -5)?
-38
Evaluate 15 + -12 - (3 + (2 - 3)).
1
What is -9 - (1 + -44 + (17 - (25 - 12)))?
30
Evaluate 3 + 2 + 2 + -14 + 30.
23
What is (-1 - -14) + -9 + 0?
4
What is the value of (4 + 0 - (10 + -2)) + 8 - 9?
-5
What is the value of (-8 - 3) + 17 - (14 + -6)?
-2
Evaluate -3 + (-11 - (7 - (11 - -14))).
4
2 - -1 - (57 - 54)
0
What is 6 - (-6 + 8) - -5 - 4?
5
What is 8 + -1 + 1 + -256 + 250 + 12?
14
Calculate -3 - (-11 - (-24 + 24)).
8
What is -31 - (-32 + (18 - 14))?
-3
What is (2 - 5) + (6 - (0 - 3)) + 6?
12
What is -10 + (-24 - -77) + -40?
3
0 + 1 + -4 + (13 + -18 - -10)
2
What is the value of 1 - (-5 + (22 - 10) - (4 - -1))?
-1
Calculate -12 - (72 - 68 - (-1 + 9) - -2).
-10
Evaluate -3 - (7 + -37) - 46.
-19
Calculate -7 + 3 - (9 - 26) - 9.
4
Calculate 3 - (-4 + 8 + 9).
-10
Evaluate 0 + 2 - (-66 + 54) - (-1 - -1).
14
Calculate 6 - (0 + (3 - -3 - -3)).
-3
What is the value of 25 + -17 - -14 - -3?
25
0 - (18 + -29 + 4 + (-2 - -31))
-22
What is -9 + (-5 + 0 - (92 + -98))?
-8
Calculate -7 - (28 - 24) - (-4 - (-3 + 2)).
-8
What is (-7 - -38 - 19) + 22?
34
-40 + -1 - (1048 - 1070)
-19
Evaluate -4 - (-17 + 19 + -10 + -3).
7
33 + -41 + (-12 - (1 - 6))
-15
Calculate 40 - (12 + 36 + -18 - 16).
26
Calculate 15 + 2 + -5 + (-118 - -110).
4
What is the value of (23 - (0 + 18)) + 12?
17
What is -4 - (-19 - (-28 + 18))?
5
What is 19 + 46 + -22 + -18?
25
Calculate -6 - (-28 + 12 - (-8 + 0)) - -4.
6
What is the value of -8 + (-9 - -11 - -3) + -11 + -5?
-19
(-7 - 12 - -2) + -8 + 2 + 4
-19
What is the value of -1 + 10 - ((-16 - (7 - 16)) + 14)?
2
What is 17 + -2 + (33 - 47)?
1
Calculate (-12 - -4) + 15 + -18 + (-3 - -1).
-13
Evaluate (2 - 3) + (-7 - (10 - 13)).
-5
What is -4 + 5 + 11 + -11 + 43 + -27?
17
13 - (0 + 4) - (20 - (-4 - -40))
25
5 - (5 + -9 - -7 - 3)
5
Evaluate -20 - (-4 - ((0 - -3 - 1) + -3)).
-17
43 + -3 + 1 + -11 + (-17 - -19)
32
Calculate 48 + 2 + -46 + 22.
26
Evaluate 29 - 2 - (252 + -252).
27
What is the value of -51 + (-10 - 29 - -69)?
-21
Calculate 13 + (0 - 1) + (30 - -25) + -60.
7
What is the value of (-17 - -28 - 42) + 33?
2
What is 72 + 41 + 6 + -90?
29
(9 - (5 - -24)) + (-7 - -1)
-26
What is -41 + 26 - (-17 + 7)?
-5
Evaluate -13 - (-2 - (-3 + (-8 - -37))).
15
What is the value of 1 - 4 - ((-8 - -1) + (4 - -7))?
-7
Evaluate (1 - 19) + (23 + -7 - 29).
-31
What is the value of (-21 - -4) + 8 - 0 - 1?
-10
Evaluate -62 - (-66 + 4) - (-19 - (-2 - -4)).
21
What is the value of 20 - (-14 - (-16 + -11) - 1)?
8
40 + -13 - (-3 - -35)
-5
-274 - -292 - (18 + 0)
0
Evaluate -12 - (-7 - -2) - (-4 - -4).
-7
What is the value of -7 + 2 + 16 + -5?
6
Calculate -18 + (-33 - (-30 - 2)).
-19
Evaluate -9 + 6 - -8 - -7.
12
Calculate 15 - ((1 - (-9 + 23)) + 14).
14
2 + 0 + -7 + -5
-10
What is the value of (4 - 11) + 10 - -1?
4
What is -2 + (-4 - -1) - (-3 + 6 + -20)?
12
What is the value of 9 - 1 - (56 + 23 + -37)?
-34
What is the value of 14 - (0 + -2 - -11 - 12)?
17
What is -11 - (-11 + (-15 - -28))?
-13
Evaluate -4 + -5 + -6 + 24 - -4.
13
0 - (5 - 10 - (-2 - -6)) - 19
-10
Calculate -74 - -69 - (1 - 8) - -2.
4
What is the value of -3 - (6 - (16 - (-3 - -11)))?
-1
What is the value of 12 + (-11 - -5) + 2 + 4?
12
(2 - -1) + (-8 - (-3 + (18 - 16)))
-4
26 - 41 - (-12 - 12 - -6)
3
Evaluate 9 + (-34 - -34) + 8.
17
6 - (-24 + 10 - -12)
8
What is the value of -4 + (46 - 23 - 9)?
10
What is (-6 - 16) + 5 + 18?
1
-6 + -18 - (-18 + -1 + 21)
-26
What is (-2 - -4 - (13 + -20)) + (-8 - 1)?
0
What is the value of (23 - 16 - (-4 + 27)) + 4 + 4?
-8
-1 + -6 - (7 - (-10 + -8 + 46))
14
Calculate (-6 + 11 - 4) + 8 + -3 + 29.
35
6 - (28 + 5 + -1 + -5 + -9)
-12
What is the value of (1202 - 1209) + 1 + 0?
-6
What is the value of 4 - -3 - (10 + -1 + -5)?
3
Evaluate -21 + 4 + (6 - -5) - 6.
-12
What is the value of (-19 - -1) + 0 + (10 - 1)?
-9
What is the value of 56 + -69 - (-12 - 5)?
4
What is (46 + -37 - 1) + -3?
5
What is 11 + (-7 - (-8 - -3)) + 4?
13
What is -44 - (-10 + (12 - 15) + 5)?
-36
What is the value of (-4 - (-2 + -25 - -15)) + 10?
18
-24 + 44 + -3 + -9
8
What is the value of (36 - (11 + -5) - 1) + -12?
17
Calculate -63 + (118 - 54) - (-2 + -1).
4
What is the value of -3 + 0 + 36 + -39 + -7?
-13
What is 37 + -58 + (0 - -17)?
-4
Evaluate -2 - (-2 - -20 - (93 + -82)).
-9
(-3 - 16) + (10 - (15 + -14))
-10
Evaluate 1 - (28 - (-2 - -18)).
-11
-18 - ((15 - (18 + -4)) + -48)
29
Calculate (-1 - -15) + -12 + 3 - 18.
-13
(-51 - -9) + 8 + 3 + -2
-33
11 + (-2 - (56 - 25))
-22
What is the value of 0 + 2 + (-47 - -37)?
-8
Evaluate -8 - -1 - (-5 - -12 - 1).
-13
2 - 3 - ((-11 - -16) + -1)
-5
(-7 - -14) + 18 + (-2 + -2 - -2)
23
Evaluate -67 + (29 - -10) + 35.
7
What is 1 + 3 + (-6 - (-14 - -27))?
-15
Calculate 1 + -2 + 17 + -12 + -17.
-13
What is (0 - -6) + -257 + 240?
-11
What is the value of 12 + (-35 - -18) + 24 - (9 + 1)?
9
Evaluate (-1 - -5) + (-90 - -47).
-39
What is (-2 - (0 + 6)) + 7 + 13 + -20?
-8
Evaluate 17 - (24 - (40 + -23)).
10
What is -286 - -298 - (-6 - (-5 + 3))?
16
What is the value of 15 + -15 + (4 - -2) + -2 - 6?
-2
-25 + 17 - (7 - 9 - -5 - 39)
28
(2 - 2 - -2) + (0 - (15 - 22))
9
What is the value of 23 + -10 + -16 + 4?
1
What is the value of (-3 - (-6 - -11)) + (0 - -14)?
6
2 - -28 - (81 + -32)
-19
What is the value of -4 - -12 - (9 - -6)?
-7
Evaluate 19 - (36 + -5) - -15.
3
Calculate 19 + -209 + 206 + 1